{"id":3044,"date":"2022-03-18T17:05:28","date_gmt":"2022-03-18T16:05:28","guid":{"rendered":"http:\/\/www.spbrzezowka.ostnet.pl\/?page_id=3044"},"modified":"2022-03-18T17:07:35","modified_gmt":"2022-03-18T16:07:35","slug":"stowarzyszenie","status":"publish","type":"page","link":"https:\/\/www.spbrzezowka.ostnet.pl\/index.php\/stowarzyszenie\/","title":{"rendered":"Stowarzyszenie"},"content":{"rendered":"\n<div class=\"wp-block-image\"><figure class=\"aligncenter\"><img decoding=\"async\" loading=\"lazy\" width=\"500\" height=\"500\" src=\"http:\/\/www.spbrzezowka.ostnet.pl\/wp-content\/uploads\/2022\/03\/Brzoskwiniowe-i-Br\u0105zowe-Proste-Monolinie-Kawa-Produkty-Logo-1-1.png\" alt=\"\" class=\"wp-image-3048\" srcset=\"https:\/\/www.spbrzezowka.ostnet.pl\/wp-content\/uploads\/2022\/03\/Brzoskwiniowe-i-Br\u0105zowe-Proste-Monolinie-Kawa-Produkty-Logo-1-1.png 500w, https:\/\/www.spbrzezowka.ostnet.pl\/wp-content\/uploads\/2022\/03\/Brzoskwiniowe-i-Br\u0105zowe-Proste-Monolinie-Kawa-Produkty-Logo-1-1-150x150.png 150w, https:\/\/www.spbrzezowka.ostnet.pl\/wp-content\/uploads\/2022\/03\/Brzoskwiniowe-i-Br\u0105zowe-Proste-Monolinie-Kawa-Produkty-Logo-1-1-300x300.png 300w\" sizes=\"(max-width: 500px) 100vw, 500px\" \/><\/figure><\/div>\n\n\n\n<p style=\"text-align:left\"> Przy naszej szkole dzia\u0142a <strong>Stowarzyszenie Rodzic\u00f3w i Przyjaci\u00f3\u0142 Szko\u0142y Podstawowej im. 21 Brygady Strzelc\u00f3w Podhala\u0144skich w Brzez\u00f3wce<\/strong>, kt\u00f3rego praca skierowana jest na wspieranie rozwoju wychowank\u00f3w szko\u0142y skupiaj\u0105ce rodzic\u00f3w, nauczycieli, przyjaci\u00f3\u0142 szko\u0142y. Stowarzyszenie to ma osobowo\u015b\u0107 prawn\u0105 i prowadzi dzia\u0142alno\u015b\u0107 zgodn\u0105 z celami zawartymi w Statucie stowarzyszenia.  <\/p>\n\n\n\n<p style=\"text-align:center\"><strong>Stowarzyszenie realizuje swoje cele poprzez:<\/strong><\/p>\n\n\n\n<ol><li>Rozwijanie i wspieranie dzia\u0142a\u0144 edukacyjnych, wychowawczych, sportowych <\/li><li>i promocji zdrowia, przeciwdzia\u0142aniu patologiom spo\u0142ecznym.<\/li><li>Podejmowanie dzia\u0142a\u0144 charytatywnych.<\/li><li>Pomoc szkole w upowszechnianiu kultury fizycznej i sportu.<\/li><li>Wspieranie dzia\u0142a\u0144 szko\u0142y zmierzaj\u0105cych do kszta\u0142towania postaw proekologicznych, patriotycznych i spo\u0142ecznych.<\/li><li>Rozwijanie zdolno\u015bci i zainteresowa\u0107 dzieci i m\u0142odzie\u017cy.<\/li><li>Promowanie i wspieranie tw\u00f3rczo\u015bci dzieci i m\u0142odzie\u017cy.<\/li><li>Upowszechnienie krajoznawstwa i wypoczynku, poprzez organizowanie, zimowisk, rajd\u00f3w, p\u00f3\u0142kolonii.<\/li><li>Pomoc finansow\u0105 i rzeczow\u0105 dla potrzebuj\u0105cych uczni\u00f3w.<\/li><li>Pomoc finansow\u0105 i rzeczow\u0105 na rzec szko\u0142y.<\/li><li>Wsparcie psychologiczno-pedagogiczne, spo\u0142eczne i ekonomiczne dla uczni\u00f3w szko\u0142y.<\/li><\/ol>\n\n\n\n<p style=\"text-align:center\"><strong>ZARZ\u0104D STOWARZYSZENIA<\/strong><\/p>\n\n\n\n<p><strong>Przewodnicz\u0105ca:<\/strong> El\u017cbieta Zi\u0119ba<\/p>\n\n\n\n<p><strong>Z-ca przewodnicz\u0105cej:<\/strong> Marzena Jo\u0144ca<\/p>\n\n\n\n<p><strong>Sekretarz: <\/strong>Beata Suberlak<\/p>\n","protected":false},"excerpt":{"rendered":"<p>Przy naszej szkole dzia\u0142a Stowarzyszenie Rodzic\u00f3w i Przyjaci\u00f3\u0142 Szko\u0142y Podstawowej im. 21 Brygady Strzelc\u00f3w Podhala\u0144skich w Brzez\u00f3wce, kt\u00f3rego praca skierowana jest na wspieranie rozwoju wychowank\u00f3w szko\u0142y skupiaj\u0105ce rodzic\u00f3w, nauczycieli, przyjaci\u00f3\u0142 [&hellip;]<\/p>\n","protected":false},"author":4,"featured_media":0,"parent":0,"menu_order":0,"comment_status":"closed","ping_status":"closed","template":"","meta":{"ngg_post_thumbnail":0},"_links":{"self":[{"href":"https:\/\/www.spbrzezowka.ostnet.pl\/index.php\/wp-json\/wp\/v2\/pages\/3044"}],"collection":[{"href":"https:\/\/www.spbrzezowka.ostnet.pl\/index.php\/wp-json\/wp\/v2\/pages"}],"about":[{"href":"https:\/\/www.spbrzezowka.ostnet.pl\/index.php\/wp-json\/wp\/v2\/types\/page"}],"author":[{"embeddable":true,"href":"https:\/\/www.spbrzezowka.ostnet.pl\/index.php\/wp-json\/wp\/v2\/users\/4"}],"replies":[{"embeddable":true,"href":"https:\/\/www.spbrzezowka.ostnet.pl\/index.php\/wp-json\/wp\/v2\/comments?post=3044"}],"version-history":[{"count":2,"href":"https:\/\/www.spbrzezowka.ostnet.pl\/index.php\/wp-json\/wp\/v2\/pages\/3044\/revisions"}],"predecessor-version":[{"id":3049,"href":"https:\/\/www.spbrzezowka.ostnet.pl\/index.php\/wp-json\/wp\/v2\/pages\/3044\/revisions\/3049"}],"wp:attachment":[{"href":"https:\/\/www.spbrzezowka.ostnet.pl\/index.php\/wp-json\/wp\/v2\/media?parent=3044"}],"curies":[{"name":"wp","href":"https:\/\/api.w.org\/{rel}","templated":true}]}}