{"id":1564,"date":"2021-02-11T12:41:56","date_gmt":"2021-02-11T11:41:56","guid":{"rendered":"http:\/\/www.spbrzezowka.ostnet.pl\/?page_id=1564"},"modified":"2026-03-10T17:02:25","modified_gmt":"2026-03-10T16:02:25","slug":"rodo","status":"publish","type":"page","link":"https:\/\/www.spbrzezowka.ostnet.pl\/index.php\/rodo\/","title":{"rendered":"RODO"},"content":{"rendered":"\n<div class=\"wp-block-file\"><a id=\"wp-block-file--media-a88ceafd-9c5e-425e-8301-b956bfe92e01\" href=\"https:\/\/www.spbrzezowka.ostnet.pl\/wp-content\/uploads\/2026\/03\/01-KLAUZULA-INFORMACYJNA-RODZICE-UCZNIOWIE-1.docx\">01-KLAUZULA-INFORMACYJNA-RODZICE-UCZNIOWIE-1<\/a><a href=\"https:\/\/www.spbrzezowka.ostnet.pl\/wp-content\/uploads\/2026\/03\/01-KLAUZULA-INFORMACYJNA-RODZICE-UCZNIOWIE-1.docx\" class=\"wp-block-file__button wp-element-button\" download aria-describedby=\"wp-block-file--media-a88ceafd-9c5e-425e-8301-b956bfe92e01\">Pobierz<\/a><\/div>\n\n\n\n<p>                                    <strong>INFORMACJA O PRZETWARZANIU DANYCH OSOBOWYCH<\/strong><\/p>\n\n\n\n<p>Niniejszym dzia\u0142aj\u0105c na podstawie art. 13 Rozporz\u0105dzenia Parlamentu Europejskiego i Rady (UE) 2016\/679<br>z dnia 27 kwietnia 2016 r., w sprawie ochrony os\u00f3b fizycznych w zwi\u0105zku z przetwarzaniem danych osobowych<br>i w sprawie swobodnego przep\u0142ywu takich danych oraz uchylenia dyrektywy 95\/46\/WE (\u201eRODO\u201d) informujemy, \u017ce przetwarzamy dane osobowe.<\/p>\n\n\n\n<p>1.&nbsp;Administratorem danych osobowych jest Szko\u0142a Podstawowa im. 21 Brygady Strzelc\u00f3w Podhala\u0144skich w Brzez\u00f3wce.<br>Z Administratorem Danych osobowych mo\u017cna si\u0119 kontaktowa\u0107: telefonicznie: 172295274, listownie, na adres Brzez\u00f3wka 111, 36-024 Hy\u017cne, za po\u015brednictwem poczty e \u2013 mail, na adres: spbrzezowka@hyzne.pl.<\/p>\n\n\n\n<p>2. Administrator danych osobowych powo\u0142a\u0142 Inspektora ochrony danych w osobie Pana Kamila K\u0119dzierskiego, z kt\u00f3rym mo\u017cna si\u0119 kontaktowa\u0107: telefonicznie: +48&nbsp;733&nbsp;040 110 oraz za po\u015brednictwem e \u2013 mail, na adres: kedzierski@adwokacikancelaria.pl<\/p>\n\n\n\n<p>3. Dane osobowe dzieci\/uczni\u00f3w b\u0119d\u0105 przetwarzane na podstawie:<\/p>\n\n\n\n<p>a) art. 6 ust. 1 lit. c RODO, tj. w zwi\u0105zku z obowi\u0105zkiem prawnym ci\u0105\u017c\u0105cym na plac\u00f3wce, do cel\u00f3w realizacji zada\u0144 dydaktyczno \u2013 wychowawczo \u2013 opieku\u0144czych takich jak m.in. prowadzenie dokumentacji przebiegu nauczania, dzia\u0142alno\u015bci wychowawczej i opieku\u0144czej lub w celach sprawozdawczych zgodnie z Ustaw\u0105 z dnia 14 grudnia 2016 r., Prawo o\u015bwiatowe, Ustaw\u0105 z dnia z dnia 07 wrze\u015bnia 1991 r. o systemie o\u015bwiaty, oraz rozporz\u0105dzenia Ministra Edukacji Narodowej z dnia 25 sierpnia 2017 r. w sprawie sposobu prowadzenia przez publiczne przedszkola, szko\u0142y i plac\u00f3wki dokumentacji przebiegu nauczania, dzia\u0142alno\u015bci wychowawczej i opieku\u0144czej oraz rodzaj\u00f3w tej dokumentacji.<\/p>\n\n\n\n<p>b) Przetwarzanie danych osobowych (takich jak imi\u0119 i nazwisko, klasa) w celu m.in. wyr\u00f3\u017cnienia dziecka\/ucznia za osi\u0105gni\u0119cia edukacyjne na uroczysto\u015bciach organizowanych przez Administratora danych osobowych lub te\u017c umieszczanie pod r\u00f3\u017cnego rodzaju pracami artystycznymi podpis\u00f3w zawieraj\u0105cych pe\u0142ne imi\u0119 i nazwisko dziecka\/ucznia, kt\u00f3re prace wykona\u0142o, pobytu dziecka w \u015bwietlicy szkolnej b\u0119dzie odbywa\u0142o si\u0119 na podstawie art. 6 ust. 1 lit e) RODO tj. w celu wykonania zadania realizowanego w interesie publicznym lub w ramach sprawowania w\u0142adzy publicznej powierzonej Administratorowi (wspierania dziecka\/ucznia w rozwoju ku pe\u0142nej dojrza\u0142o\u015bci w sferze emocjonalnej, intelektualnej i spo\u0142ecznej).<\/p>\n\n\n\n<p>c) W pozosta\u0142ych przypadkach (niewynikaj\u0105cych z ww. przepis\u00f3w prawa) dane osobowe przetwarzane s\u0105 wy\u0142\u0105cznie na podstawie wcze\u015bniej udzielonej zgody w zakresie i celu okre\u015blonym w tre\u015bci zgody (art. 6 ust. 1 lit. a RODO).<\/p>\n\n\n\n<p><a>4. Odbiorcami danych osobowych mog\u0105 by\u0107<\/a> upowa\u017cnieni pracownicy administracji, pracownicy obs\u0142ugi oraz pracownicy pedagogiczni Administratora danych osobowych, podmioty wykonuj\u0105ce nadz\u00f3r nad organizacj\u0105 pracy, podmioty wsp\u00f3\u0142pracuj\u0105ce w zakresie edukacji, opieki lub wychowania.<\/p>\n\n\n\n<p><a>5. Pozyskane dane osobowe b\u0119d\u0105 przechowywane przez <\/a>okres edukacji dziecka w plac\u00f3wce oraz przez okres \u2026 po zako\u0144czeniu edukacji dziecka\/ucznia. &nbsp;<\/p>\n\n\n\n<p>6. Przys\u0142uguje Pa\u0144stwu prawo do dost\u0119pu do danych, w tym prawo do uzyskania kopii tych danych, prawo do sprostowania (poprawienia) danych, w przypadku gdy dane s\u0105 nieprawid\u0142owe lub niekompletne, prawo do usuni\u0119cia danych (\u201eprawo do bycia zapomnianym\u201d), prawo do ograniczenia przetwarzania danych, prawo do wniesienia sprzeciwu, prawo do przenoszenia danych &#8211; z zastrze\u017ceniem odr\u0119bnych przepis\u00f3w, kt\u00f3re mog\u0105 ograniczy\u0107 lub wy\u0142\u0105czy\u0107 poszczeg\u00f3lne prawa wskazane powy\u017cej.<\/p>\n\n\n\n<p>Przys\u0142uguje Pa\u0144stwu r\u00f3wnie\u017c prawo do wniesienia skargi do organu nadzorczego w przypadku gdy Pa\u0144stwa zdaniem dane osobowe s\u0105 przetwarzane w spos\u00f3b niezgodny z obowi\u0105zuj\u0105cym prawem. Organem nadzorczym w kwestii ochrony danych osobowych jest Prezes Urz\u0119du Ochrony Danych Osobowych.&nbsp;<\/p>\n\n\n\n<p>7. Posiada Pani\/Pan prawo do cofni\u0119cia zgody na przetwarzanie danych osobowych <a>udzielonej na podstawie art. 6 ust. 1 lit. a RODO <\/a>w dowolnym momencie bez wp\u0142ywu na zgodno\u015b\u0107 z prawem przetwarzania, kt\u00f3rego dokonano na podstawie zgody wyra\u017conej przed jej cofni\u0119ciem. O\u015bwiadczenie o cofni\u0119ciu zgody na przetwarzanie danych osobowych wymaga jego z\u0142o\u017cenia w formie pisemnej na adres Szko\u0142a Podstawowa im. 21 Brygady Strzelc\u00f3w Podhala\u0144skich w Brzez\u00f3wce, Brzez\u00f3wka 111, 36-024 Hy\u017cne:,&nbsp; lub osobi\u015bcie w siedzibie Administratora danych osobowych.<\/p>\n\n\n\n<p>8. Podanie przez danych osobowych w zakresie okre\u015blonym w pkt 3 lit. a) jest wymogiem ustawowym. Odmowa podania wskazanych danych osobowych w celu okre\u015blonym w pkt 3 lit. a) b\u0119dzie wi\u0105za\u0107 si\u0119 z brakiem mo\u017cliwo\u015bci realizacji ustawowych zada\u0144.<\/p>\n\n\n\n<p>9. Dane osobowe nie s\u0105 przetwarzane w spos\u00f3b zautomatyzowany, w tym profilowane.<\/p>\n\n\n\n<p>\u00a0\u00a0\u00a0\u00a0\u00a0\u00a0\u00a0\u00a0\u00a0\u00a0\u00a0\u00a0\u00a0\u00a0\u00a0\u00a0\u00a0\u00a0\u00a0\u00a0\u00a0\u00a0\u00a0\u00a0\u00a0\u00a0\u00a0\u00a0\u00a0\u00a0\u00a0\u00a0\u00a0\u00a0\u00a0\u00a0\u00a0\u00a0\u00a0\u00a0\u00a0\u00a0\u00a0\u00a0\u00a0\u00a0\u00a0\u00a0\u00a0\u00a0\u00a0\u00a0\u00a0\u00a0\u00a0\u00a0\u00a0\u00a0\u00a0\u00a0\u00a0\u00a0\u00a0\u00a0\u00a0\u00a0\u00a0\u00a0\u00a0\u00a0\u00a0\u00a0\u00a0\u00a0\u00a0\u00a0\u00a0\u00a0\u00a0\u00a0\u00a0\u00a0\u00a0\u00a0\u00a0\u00a0\u00a0\u00a0\u00a0\u00a0\u00a0\u00a0\u00a0\u00a0\u00a0\u00a0\u00a0 \u00a0\u00a0\u00a0\u00a0\u00a0\u00a0\u00a0\u00a0\u00a0\u00a0\u00a0\u00a0Podpis rodzica\/prawnego opiekuna<\/p>\n\n\n\n<figure class=\"wp-block-image\"><img decoding=\"async\" loading=\"lazy\" width=\"725\" height=\"1024\" src=\"http:\/\/www.spbrzezowka.ostnet.pl\/wp-content\/uploads\/2021\/02\/image-725x1024.png\" alt=\"\" class=\"wp-image-1567\" srcset=\"https:\/\/www.spbrzezowka.ostnet.pl\/wp-content\/uploads\/2021\/02\/image-725x1024.png 725w, https:\/\/www.spbrzezowka.ostnet.pl\/wp-content\/uploads\/2021\/02\/image-212x300.png 212w, https:\/\/www.spbrzezowka.ostnet.pl\/wp-content\/uploads\/2021\/02\/image-768x1085.png 768w\" sizes=\"(max-width: 725px) 100vw, 725px\" \/><\/figure>\n","protected":false},"excerpt":{"rendered":"<p>INFORMACJA O PRZETWARZANIU DANYCH OSOBOWYCH Niniejszym dzia\u0142aj\u0105c na podstawie art. 13 Rozporz\u0105dzenia Parlamentu Europejskiego i Rady (UE) 2016\/679z dnia 27 kwietnia 2016 r., w sprawie ochrony os\u00f3b fizycznych w zwi\u0105zku [&hellip;]<\/p>\n","protected":false},"author":2,"featured_media":0,"parent":0,"menu_order":0,"comment_status":"closed","ping_status":"closed","template":"","meta":{"ngg_post_thumbnail":0},"_links":{"self":[{"href":"https:\/\/www.spbrzezowka.ostnet.pl\/index.php\/wp-json\/wp\/v2\/pages\/1564"}],"collection":[{"href":"https:\/\/www.spbrzezowka.ostnet.pl\/index.php\/wp-json\/wp\/v2\/pages"}],"about":[{"href":"https:\/\/www.spbrzezowka.ostnet.pl\/index.php\/wp-json\/wp\/v2\/types\/page"}],"author":[{"embeddable":true,"href":"https:\/\/www.spbrzezowka.ostnet.pl\/index.php\/wp-json\/wp\/v2\/users\/2"}],"replies":[{"embeddable":true,"href":"https:\/\/www.spbrzezowka.ostnet.pl\/index.php\/wp-json\/wp\/v2\/comments?post=1564"}],"version-history":[{"count":7,"href":"https:\/\/www.spbrzezowka.ostnet.pl\/index.php\/wp-json\/wp\/v2\/pages\/1564\/revisions"}],"predecessor-version":[{"id":10122,"href":"https:\/\/www.spbrzezowka.ostnet.pl\/index.php\/wp-json\/wp\/v2\/pages\/1564\/revisions\/10122"}],"wp:attachment":[{"href":"https:\/\/www.spbrzezowka.ostnet.pl\/index.php\/wp-json\/wp\/v2\/media?parent=1564"}],"curies":[{"name":"wp","href":"https:\/\/api.w.org\/{rel}","templated":true}]}}

<div class="wp-block-file"><a id="wp-block-file--media-a88ceafd-9c5e-425e-8301-b956bfe92e01" href="https://www.spbrzezowka.ostnet.pl/wp-content/uploads/2026/03/01-KLAUZULA-INFORMACYJNA-RODZICE-UCZNIOWIE-1.docx">01-KLAUZULA-INFORMACYJNA-RODZICE-UCZNIOWIE-1</a><a href="https://www.spbrzezowka.ostnet.pl/wp-content/uploads/2026/03/01-KLAUZULA-INFORMACYJNA-RODZICE-UCZNIOWIE-1.docx" class="wp-block-file__button wp-element-button" download aria-describedby="wp-block-file--media-a88ceafd-9c5e-425e-8301-b956bfe92e01">Pobierz</a></div>



<p>                                    <strong>INFORMACJA O PRZETWARZANIU DANYCH OSOBOWYCH</strong></p>



<p>Niniejszym działając na podstawie art. 13 Rozporządzenia Parlamentu Europejskiego i Rady (UE) 2016/679<br>z dnia 27 kwietnia 2016 r., w sprawie ochrony osób fizycznych w związku z przetwarzaniem danych osobowych<br>i w sprawie swobodnego przepływu takich danych oraz uchylenia dyrektywy 95/46/WE („RODO”) informujemy, że przetwarzamy dane osobowe.</p>



<p>1.&nbsp;Administratorem danych osobowych jest Szkoła Podstawowa im. 21 Brygady Strzelców Podhalańskich w Brzezówce.<br>Z Administratorem Danych osobowych można się kontaktować: telefonicznie: 172295274, listownie, na adres Brzezówka 111, 36-024 Hyżne, za pośrednictwem poczty e – mail, na adres: spbrzezowka@hyzne.pl.</p>



<p>2. Administrator danych osobowych powołał Inspektora ochrony danych w osobie Pana Kamila Kędzierskiego, z którym można się kontaktować: telefonicznie: +48&nbsp;733&nbsp;040 110 oraz za pośrednictwem e – mail, na adres: kedzierski@adwokacikancelaria.pl</p>



<p>3. Dane osobowe dzieci/uczniów będą przetwarzane na podstawie:</p>



<p>a) art. 6 ust. 1 lit. c RODO, tj. w związku z obowiązkiem prawnym ciążącym na placówce, do celów realizacji zadań dydaktyczno – wychowawczo – opiekuńczych takich jak m.in. prowadzenie dokumentacji przebiegu nauczania, działalności wychowawczej i opiekuńczej lub w celach sprawozdawczych zgodnie z Ustawą z dnia 14 grudnia 2016 r., Prawo oświatowe, Ustawą z dnia z dnia 07 września 1991 r. o systemie oświaty, oraz rozporządzenia Ministra Edukacji Narodowej z dnia 25 sierpnia 2017 r. w sprawie sposobu prowadzenia przez publiczne przedszkola, szkoły i placówki dokumentacji przebiegu nauczania, działalności wychowawczej i opiekuńczej oraz rodzajów tej dokumentacji.</p>



<p>b) Przetwarzanie danych osobowych (takich jak imię i nazwisko, klasa) w celu m.in. wyróżnienia dziecka/ucznia za osiągnięcia edukacyjne na uroczystościach organizowanych przez Administratora danych osobowych lub też umieszczanie pod różnego rodzaju pracami artystycznymi podpisów zawierających pełne imię i nazwisko dziecka/ucznia, które prace wykonało, pobytu dziecka w świetlicy szkolnej będzie odbywało się na podstawie art. 6 ust. 1 lit e) RODO tj. w celu wykonania zadania realizowanego w interesie publicznym lub w ramach sprawowania władzy publicznej powierzonej Administratorowi (wspierania dziecka/ucznia w rozwoju ku pełnej dojrzałości w sferze emocjonalnej, intelektualnej i społecznej).</p>



<p>c) W pozostałych przypadkach (niewynikających z ww. przepisów prawa) dane osobowe przetwarzane są wyłącznie na podstawie wcześniej udzielonej zgody w zakresie i celu określonym w treści zgody (art. 6 ust. 1 lit. a RODO).</p>



<p><a>4. Odbiorcami danych osobowych mogą być</a> upoważnieni pracownicy administracji, pracownicy obsługi oraz pracownicy pedagogiczni Administratora danych osobowych, podmioty wykonujące nadzór nad organizacją pracy, podmioty współpracujące w zakresie edukacji, opieki lub wychowania.</p>



<p><a>5. Pozyskane dane osobowe będą przechowywane przez </a>okres edukacji dziecka w placówce oraz przez okres … po zakończeniu edukacji dziecka/ucznia. &nbsp;</p>



<p>6. Przysługuje Państwu prawo do dostępu do danych, w tym prawo do uzyskania kopii tych danych, prawo do sprostowania (poprawienia) danych, w przypadku gdy dane są nieprawidłowe lub niekompletne, prawo do usunięcia danych („prawo do bycia zapomnianym”), prawo do ograniczenia przetwarzania danych, prawo do wniesienia sprzeciwu, prawo do przenoszenia danych &#8211; z zastrzeżeniem odrębnych przepisów, które mogą ograniczyć lub wyłączyć poszczególne prawa wskazane powyżej.</p>



<p>Przysługuje Państwu również prawo do wniesienia skargi do organu nadzorczego w przypadku gdy Państwa zdaniem dane osobowe są przetwarzane w sposób niezgodny z obowiązującym prawem. Organem nadzorczym w kwestii ochrony danych osobowych jest Prezes Urzędu Ochrony Danych Osobowych.&nbsp;</p>



<p>7. Posiada Pani/Pan prawo do cofnięcia zgody na przetwarzanie danych osobowych <a>udzielonej na podstawie art. 6 ust. 1 lit. a RODO </a>w dowolnym momencie bez wpływu na zgodność z prawem przetwarzania, którego dokonano na podstawie zgody wyrażonej przed jej cofnięciem. Oświadczenie o cofnięciu zgody na przetwarzanie danych osobowych wymaga jego złożenia w formie pisemnej na adres Szkoła Podstawowa im. 21 Brygady Strzelców Podhalańskich w Brzezówce, Brzezówka 111, 36-024 Hyżne:,&nbsp; lub osobiście w siedzibie Administratora danych osobowych.</p>



<p>8. Podanie przez danych osobowych w zakresie określonym w pkt 3 lit. a) jest wymogiem ustawowym. Odmowa podania wskazanych danych osobowych w celu określonym w pkt 3 lit. a) będzie wiązać się z brakiem możliwości realizacji ustawowych zadań.</p>



<p>9. Dane osobowe nie są przetwarzane w sposób zautomatyzowany, w tym profilowane.</p>



<p>                                                                                                              Podpis rodzica/prawnego opiekuna</p>



<figure class="wp-block-image"><img decoding="async" loading="lazy" width="725" height="1024" src="http://www.spbrzezowka.ostnet.pl/wp-content/uploads/2021/02/image-725x1024.png" alt="" class="wp-image-1567" srcset="https://www.spbrzezowka.ostnet.pl/wp-content/uploads/2021/02/image-725x1024.png 725w, https://www.spbrzezowka.ostnet.pl/wp-content/uploads/2021/02/image-212x300.png 212w, https://www.spbrzezowka.ostnet.pl/wp-content/uploads/2021/02/image-768x1085.png 768w" sizes="(max-width: 725px) 100vw, 725px" /></figure>

<p>INFORMACJA O PRZETWARZANIU DANYCH OSOBOWYCH Niniejszym działając na podstawie art. 13 Rozporządzenia Parlamentu Europejskiego i Rady (UE) 2016/679z dnia 27 kwietnia 2016 r., w sprawie ochrony osób fizycznych w związku [&hellip;]</p>
